{"id":42,"date":"2025-02-13T21:30:27","date_gmt":"2025-02-13T21:30:27","guid":{"rendered":"https:\/\/www.sberatelekratomu-dokument.cz\/?page_id=42"},"modified":"2025-06-09T18:41:11","modified_gmt":"2025-06-09T18:41:11","slug":"projekce","status":"publish","type":"page","link":"https:\/\/www.sberatelekratomu-dokument.cz\/index.php\/projekce\/","title":{"rendered":"Nejbli\u017e\u0161\u00ed projekce 2025"},"content":{"rendered":"\n<p><\/p>\n\n\n\n<p><\/p>\n\n\n\n<p><a href=\"https:\/\/www.kinoatlaspraha.cz\/?program=4875\" data-type=\"link\" data-id=\"https:\/\/www.kinoatlaspraha.cz\/?program=4875\">10. 6. 2025 v 17:30 Praha &#8211; Kino Atlas\u00a0<\/a>&#8211; <em>projekce s debatou<\/em> (Martin Kucha\u0159, Libor Cinegr, Petr Holzhauser)<\/p>\n\n\n\n<p><a href=\"https:\/\/www.kinoart.cz\/cs\/program\/sberatele-kratomu-projekce-s-debatou\/2025\/06\/12\/2030\">12. 6. 2025 v 20:30 Brno &#8211; Kino Art\u00a0<\/a> <em>projekce s debatou<\/em> (Jind\u0159ich Vobo\u0159il, Libor Cinegr, Luk\u00e1\u0161 Pfeffer) <\/p>\n\n\n\n<p><a href=\"https:\/\/www.kinometropol.cz\/akce\/15414\">16.6. 2025 v 20:00 Olomouc &#8211; Kino Metropol<\/a> &#8211; <em>projekce s debatou<\/em> (Jan Hor\u00e1k, Libor Cinegr, Libor Kobylka) <\/p>\n\n\n\n<p><a href=\"https:\/\/mkzunicov.cz\/akce\/sberatele-kratomu\">17.6. 2025 v 19:00 Uni\u010dov &#8211; Kino Dru\u017eba<\/a> &#8211; <em>projekce s debatou<\/em> (Libor Cinegr, Libor Kobylka)<\/p>\n\n\n\n<p>19. 6. 2025 Opava &#8211; Festival Slunovrat\u00a0&#8211; <em>projekce s debatou<\/em> (Libor Cinegr, Renata Kol\u00e1\u010dkov\u00e1) <\/p>\n\n\n\n<p>18. 7. 2025 Ostrava &#8211; Colours of Ostrava &#8211;  <em>projekce s debatou<\/em> (Martin Kucha\u0159, Petr Holzhauser, Jan Hor\u00e1k, Libor Cinegr) <\/p>\n\n\n\n<p><\/p>\n\n\n\n<p><\/p>\n\n\n\n<p><\/p>\n\n\n\n<p><strong>Projekce, kter\u00e9 m\u00e1me za sebou:<\/strong><\/p>\n\n\n\n<p><s>29. 3. 2025, Praha, \u0161koln\u00ed projekce \u2013\u2013\u2013\u2013\u2013\u2013 V\u0160CHT<\/s><\/p>\n\n\n\n<p><s>14. 4. 2025, Ostrava, \u0161koln\u00ed projekce \u2013\u2013\u2013\u2013\u2013\u2013 St\u0159edn\u00ed zdravotnick\u00e1 \u0161kola<\/s><\/p>\n\n\n\n<p><s>23. 4. 2025 v 18.00, Olomouc, \u010desk\u00e1 premi\u00e9ra \u2013\u2013\u2013\u2013\u2013\u2013 Academia Film Olomouc<\/s><\/p>\n\n\n\n<p><s>24.4. 2025 v 11:30, Olomouc, druh\u00e1 projekce <s>\u2013\u2013\u2013\u2013\u2013\u2013<\/s><\/s> <s>Academia Film Olomouc<\/s><\/p>\n\n\n\n<p><s>27.4. 2025 v 12:00, Olomouc, v\u00edt\u011bzn\u00e1 projekce <s>\u2013\u2013\u2013\u2013\u2013\u2013<\/s><\/s> <s>Academia Film Olomouc<\/s><\/p>\n\n\n\n<p><s>28. 4. 2025 v 18.00, Ostrava, projekce pro ve\u0159ejnost \u2013\u2013\u2013\u2013\u2013\u2013 Antikvari\u00e1t a klub Fiducia<\/s><\/p>\n\n\n\n<p><s>29.4. 2025 v 20:30, Praha, projekce pro V\u0160CHT \u2013\u2013\u2013\u2013\u2013\u2013 Kampus V\u0160CHT<\/s><\/p>\n\n\n\n<p><s><a href=\"https:\/\/opavskypav.slu.cz\/2025\/04\/26\/letosni-rocnik-zahaji-film-sberatele-kratomu\/\" data-type=\"link\" data-id=\"https:\/\/opavskypav.slu.cz\/2025\/04\/26\/letosni-rocnik-zahaji-film-sberatele-kratomu\/\">12.  5. 2025 v 18.00, Opava<\/a> &#8211; Hauerova 4 &#8211; <em>projekce s debat<\/em>ou<\/s><\/p>\n\n\n\n<p><s><a href=\"https:\/\/www.kinoatlaspraha.cz\/?program=4873\" data-type=\"link\" data-id=\"https:\/\/www.kinoatlaspraha.cz\/?program=4873\">21. 5. 2025 v 17:30, Praha &#8211; Kino Atlas<\/a> &#8211; <em>projekce s debat<\/em>ou<\/s><\/p>\n\n\n\n<p><s><a href=\"https:\/\/www.kinoatlaspraha.cz\/?program=4874#\" data-type=\"link\" data-id=\"https:\/\/www.kinoatlaspraha.cz\/?program=4874#\">2. 6.2025 v 17:30 Praha &#8211; Kino Atlas\u00a0<\/a> <em>projekce s debat<\/em>ou<\/s><\/p>\n\n\n\n<p><s>8. 6.2025 Chrudim &#8211; AT konference 2025\u00a0<\/s><\/p>\n\n\n\n<p><\/p>\n","protected":false},"excerpt":{"rendered":"<p>10. 6. 2025 v 17:30 Praha &#8211; Kino Atlas\u00a0&#8211; projekce s debatou (Martin Kucha\u0159, Libor Cinegr, Petr Holzhauser) 12. 6. 2025 v 20:30 Brno &#8211; Kino Art\u00a0 projekce s debatou (Jind\u0159ich Vobo\u0159il, Libor Cinegr, Luk\u00e1\u0161 Pfeffer) 16.6. 2025 v 20:00 Olomouc &#8211; Kino Metropol &#8211; projekce s debatou (Jan Hor\u00e1k, Libor Cinegr, Libor Kobylka) 17.6. &hellip; <\/p>\n<p class=\"link-more\"><a href=\"https:\/\/www.sberatelekratomu-dokument.cz\/index.php\/projekce\/\" class=\"more-link\">Pokra\u010dovat ve \u010dten\u00ed<span class=\"screen-reader-text\"> &#8222;Nejbli\u017e\u0161\u00ed projekce 2025&#8220;<\/span><\/a><\/p>\n","protected":false},"author":1,"featured_media":77,"parent":0,"menu_order":0,"comment_status":"closed","ping_status":"closed","template":"","meta":{"footnotes":""},"class_list":["post-42","page","type-page","status-publish","has-post-thumbnail","hentry"],"_links":{"self":[{"href":"https:\/\/www.sberatelekratomu-dokument.cz\/index.php\/wp-json\/wp\/v2\/pages\/42","targetHints":{"allow":["GET"]}}],"collection":[{"href":"https:\/\/www.sberatelekratomu-dokument.cz\/index.php\/wp-json\/wp\/v2\/pages"}],"about":[{"href":"https:\/\/www.sberatelekratomu-dokument.cz\/index.php\/wp-json\/wp\/v2\/types\/page"}],"author":[{"embeddable":true,"href":"https:\/\/www.sberatelekratomu-dokument.cz\/index.php\/wp-json\/wp\/v2\/users\/1"}],"replies":[{"embeddable":true,"href":"https:\/\/www.sberatelekratomu-dokument.cz\/index.php\/wp-json\/wp\/v2\/comments?post=42"}],"version-history":[{"count":9,"href":"https:\/\/www.sberatelekratomu-dokument.cz\/index.php\/wp-json\/wp\/v2\/pages\/42\/revisions"}],"predecessor-version":[{"id":93,"href":"https:\/\/www.sberatelekratomu-dokument.cz\/index.php\/wp-json\/wp\/v2\/pages\/42\/revisions\/93"}],"wp:featuredmedia":[{"embeddable":true,"href":"https:\/\/www.sberatelekratomu-dokument.cz\/index.php\/wp-json\/wp\/v2\/media\/77"}],"wp:attachment":[{"href":"https:\/\/www.sberatelekratomu-dokument.cz\/index.php\/wp-json\/wp\/v2\/media?parent=42"}],"curies":[{"name":"wp","href":"https:\/\/api.w.org\/{rel}","templated":true}]}}

Nejbližší projekce 2025

<p></p>



<p></p>



<p><a href="https://www.kinoatlaspraha.cz/?program=4875" data-type="link" data-id="https://www.kinoatlaspraha.cz/?program=4875">10. 6. 2025 v 17:30 Praha &#8211; Kino Atlas </a>&#8211; <em>projekce s debatou</em> (Martin Kuchař, Libor Cinegr, Petr Holzhauser)</p>



<p><a href="https://www.kinoart.cz/cs/program/sberatele-kratomu-projekce-s-debatou/2025/06/12/2030">12. 6. 2025 v 20:30 Brno &#8211; Kino Art </a> <em>projekce s debatou</em> (Jindřich Vobořil, Libor Cinegr, Lukáš Pfeffer) </p>



<p><a href="https://www.kinometropol.cz/akce/15414">16.6. 2025 v 20:00 Olomouc &#8211; Kino Metropol</a> &#8211; <em>projekce s debatou</em> (Jan Horák, Libor Cinegr, Libor Kobylka) </p>



<p><a href="https://mkzunicov.cz/akce/sberatele-kratomu">17.6. 2025 v 19:00 Uničov &#8211; Kino Družba</a> &#8211; <em>projekce s debatou</em> (Libor Cinegr, Libor Kobylka)</p>



<p>19. 6. 2025 Opava &#8211; Festival Slunovrat &#8211; <em>projekce s debatou</em> (Libor Cinegr, Renata Koláčková) </p>



<p>18. 7. 2025 Ostrava &#8211; Colours of Ostrava &#8211;  <em>projekce s debatou</em> (Martin Kuchař, Petr Holzhauser, Jan Horák, Libor Cinegr) </p>



<p></p>



<p></p>



<p></p>



<p><strong>Projekce, které máme za sebou:</strong></p>



<p><s>29. 3. 2025, Praha, školní projekce –––––– VŠCHT</s></p>



<p><s>14. 4. 2025, Ostrava, školní projekce –––––– Střední zdravotnická škola</s></p>



<p><s>23. 4. 2025 v 18.00, Olomouc, česká premiéra –––––– Academia Film Olomouc</s></p>



<p><s>24.4. 2025 v 11:30, Olomouc, druhá projekce <s>––––––</s></s> <s>Academia Film Olomouc</s></p>



<p><s>27.4. 2025 v 12:00, Olomouc, vítězná projekce <s>––––––</s></s> <s>Academia Film Olomouc</s></p>



<p><s>28. 4. 2025 v 18.00, Ostrava, projekce pro veřejnost –––––– Antikvariát a klub Fiducia</s></p>



<p><s>29.4. 2025 v 20:30, Praha, projekce pro VŠCHT –––––– Kampus VŠCHT</s></p>



<p><s><a href="https://opavskypav.slu.cz/2025/04/26/letosni-rocnik-zahaji-film-sberatele-kratomu/" data-type="link" data-id="https://opavskypav.slu.cz/2025/04/26/letosni-rocnik-zahaji-film-sberatele-kratomu/">12.  5. 2025 v 18.00, Opava</a> &#8211; Hauerova 4 &#8211; <em>projekce s debat</em>ou</s></p>



<p><s><a href="https://www.kinoatlaspraha.cz/?program=4873" data-type="link" data-id="https://www.kinoatlaspraha.cz/?program=4873">21. 5. 2025 v 17:30, Praha &#8211; Kino Atlas</a> &#8211; <em>projekce s debat</em>ou</s></p>



<p><s><a href="https://www.kinoatlaspraha.cz/?program=4874#" data-type="link" data-id="https://www.kinoatlaspraha.cz/?program=4874#">2. 6.2025 v 17:30 Praha &#8211; Kino Atlas </a> <em>projekce s debat</em>ou</s></p>



<p><s>8. 6.2025 Chrudim &#8211; AT konference 2025 </s></p>



<p></p>

<p>10. 6. 2025 v 17:30 Praha &#8211; Kino Atlas &#8211; projekce s debatou (Martin Kuchař, Libor Cinegr, Petr Holzhauser) 12. 6. 2025 v 20:30 Brno &#8211; Kino Art  projekce s debatou (Jindřich Vobořil, Libor Cinegr, Lukáš Pfeffer) 16.6. 2025 v 20:00 Olomouc &#8211; Kino Metropol &#8211; projekce s debatou (Jan Horák, Libor Cinegr, Libor Kobylka) 17.6. &hellip; </p>
<p class="link-more"><a href="https://www.sberatelekratomu-dokument.cz/index.php/projekce/" class="more-link">Pokračovat ve čtení<span class="screen-reader-text"> &#8222;Nejbližší projekce 2025&#8220;</span></a></p>
