{"id":2,"date":"2025-02-13T19:41:30","date_gmt":"2025-02-13T19:41:30","guid":{"rendered":"https:\/\/www.sberatelekratomu-dokument.cz\/?page_id=2"},"modified":"2025-05-11T20:09:03","modified_gmt":"2025-05-11T20:09:03","slug":"sample-page","status":"publish","type":"page","link":"https:\/\/www.sberatelekratomu-dokument.cz\/","title":{"rendered":"Dokument\u00e1rn\u00ed film o\u00a0\u00fa\u010dinc\u00edch a\u00a0rizic\u00edch kratomu"},"content":{"rendered":"\n<p><mark style=\"background-color:rgba(0, 0, 0, 0);color:#0e4a34\" class=\"has-inline-color\">Jak\u00e1 je hranice mezi drogou a\u00a0l\u00e9kem? Kolik je v\u00a0\u010cesk\u00e9 republice u\u017eivatel\u016f kratomu? Jak\u00e9 jsou pozitivn\u00ed str\u00e1nky u\u017e\u00edv\u00e1n\u00ed t\u00e9to byliny a\u00a0jak\u00e1 jsou rizika? Jak\u00fd skr\u00fdv\u00e1 l\u00e9\u010debn\u00fd potenci\u00e1l, kter\u00fd stoj\u00ed za to prozkoumat? Popul\u00e1rn\u011b-nau\u010dn\u00fd film\u00a0<em>Sb\u011bratel\u00e9 kratomu<\/em>\u00a0je absolventsk\u00fdm filmem student\u016f Slezsk\u00e9 univerzity Libora Cinegra (re\u017eie) a\u00a0Ond\u0159eje Weppera (kamera). Koproducenty jsou tak\u00e9 Univerzita Tom\u00e1\u0161e Bati, Fakulta multimedi\u00e1ln\u00edch komunikac\u00ed, a spole\u010dnost Zeroin. Film si odnesl z 60. ro\u010dn\u00edku Academia filmu Olomouc Cenu div\u00e1k\u016f.<\/mark> <\/p>\n\n\n\n<figure class=\"wp-block-embed is-type-video is-provider-youtube wp-block-embed-youtube wp-embed-aspect-16-9 wp-has-aspect-ratio\"><div class=\"wp-block-embed__wrapper\">\n<iframe loading=\"lazy\" title=\"SB\u011aRATEL\u00c9 KRATOMU (2024) | Teaser\" width=\"525\" height=\"295\" src=\"https:\/\/www.youtube.com\/embed\/sFzxZSYSFqE?feature=oembed\" frameborder=\"0\" allow=\"accelerometer; autoplay; clipboard-write; encrypted-media; gyroscope; picture-in-picture; web-share\" referrerpolicy=\"strict-origin-when-cross-origin\" allowfullscreen><\/iframe>\n<\/div><\/figure>\n","protected":false},"excerpt":{"rendered":"<p>Jak\u00e1 je hranice mezi drogou a\u00a0l\u00e9kem? Kolik je v\u00a0\u010cesk\u00e9 republice u\u017eivatel\u016f kratomu? Jak\u00e9 jsou pozitivn\u00ed str\u00e1nky u\u017e\u00edv\u00e1n\u00ed t\u00e9to byliny a\u00a0jak\u00e1 jsou rizika? Jak\u00fd skr\u00fdv\u00e1 l\u00e9\u010debn\u00fd potenci\u00e1l, kter\u00fd stoj\u00ed za to prozkoumat? Popul\u00e1rn\u011b-nau\u010dn\u00fd film\u00a0Sb\u011bratel\u00e9 kratomu\u00a0je absolventsk\u00fdm filmem student\u016f Slezsk\u00e9 univerzity Libora Cinegra (re\u017eie) a\u00a0Ond\u0159eje Weppera (kamera). Koproducenty jsou tak\u00e9 Univerzita Tom\u00e1\u0161e Bati, Fakulta multimedi\u00e1ln\u00edch komunikac\u00ed, a &hellip; <\/p>\n<p class=\"link-more\"><a href=\"https:\/\/www.sberatelekratomu-dokument.cz\/\" class=\"more-link\">Pokra\u010dovat ve \u010dten\u00ed<span class=\"screen-reader-text\"> &#8222;Dokument\u00e1rn\u00ed film o\u00a0\u00fa\u010dinc\u00edch a\u00a0rizic\u00edch kratomu&#8220;<\/span><\/a><\/p>\n","protected":false},"author":1,"featured_media":0,"parent":0,"menu_order":0,"comment_status":"closed","ping_status":"open","template":"","meta":{"footnotes":""},"class_list":["post-2","page","type-page","status-publish","hentry"],"_links":{"self":[{"href":"https:\/\/www.sberatelekratomu-dokument.cz\/index.php\/wp-json\/wp\/v2\/pages\/2","targetHints":{"allow":["GET"]}}],"collection":[{"href":"https:\/\/www.sberatelekratomu-dokument.cz\/index.php\/wp-json\/wp\/v2\/pages"}],"about":[{"href":"https:\/\/www.sberatelekratomu-dokument.cz\/index.php\/wp-json\/wp\/v2\/types\/page"}],"author":[{"embeddable":true,"href":"https:\/\/www.sberatelekratomu-dokument.cz\/index.php\/wp-json\/wp\/v2\/users\/1"}],"replies":[{"embeddable":true,"href":"https:\/\/www.sberatelekratomu-dokument.cz\/index.php\/wp-json\/wp\/v2\/comments?post=2"}],"version-history":[{"count":5,"href":"https:\/\/www.sberatelekratomu-dokument.cz\/index.php\/wp-json\/wp\/v2\/pages\/2\/revisions"}],"predecessor-version":[{"id":89,"href":"https:\/\/www.sberatelekratomu-dokument.cz\/index.php\/wp-json\/wp\/v2\/pages\/2\/revisions\/89"}],"wp:attachment":[{"href":"https:\/\/www.sberatelekratomu-dokument.cz\/index.php\/wp-json\/wp\/v2\/media?parent=2"}],"curies":[{"name":"wp","href":"https:\/\/api.w.org\/{rel}","templated":true}]}}